{"id":1846,"date":"2022-12-01T13:36:33","date_gmt":"2022-12-01T13:36:33","guid":{"rendered":"https:\/\/dev.wobo.de\/?page_id=1846"},"modified":"2022-12-01T13:50:05","modified_gmt":"2022-12-01T13:50:05","slug":"artikel-wk-ansichten-eines-konservativen","status":"publish","type":"page","link":"https:\/\/wobo.de\/index.php\/artikel-wk-ansichten-eines-konservativen\/","title":{"rendered":"Artikel-WK-Ansichten eines Konservativen"},"content":{"rendered":"\t\t<div data-elementor-type=\"wp-post\" data-elementor-id=\"1846\" class=\"elementor elementor-1846\" data-elementor-post-type=\"page\">\n\t\t\t\t\t\t<section class=\"elementor-section elementor-top-section elementor-element elementor-element-5b92515 elementor-section-boxed elementor-section-height-default elementor-section-height-default\" data-id=\"5b92515\" data-element_type=\"section\">\n\t\t\t\t\t\t<div class=\"elementor-container elementor-column-gap-default\">\n\t\t\t\t\t<div class=\"elementor-column elementor-col-100 elementor-top-column elementor-element elementor-element-39aadba\" data-id=\"39aadba\" data-element_type=\"column\">\n\t\t\t<div class=\"elementor-widget-wrap elementor-element-populated\">\n\t\t\t\t\t\t<div class=\"elementor-element elementor-element-09a665f elementor-widget elementor-widget-heading\" data-id=\"09a665f\" data-element_type=\"widget\" data-widget_type=\"heading.default\">\n\t\t\t\t<div class=\"elementor-widget-container\">\n\t\t\t\t\t<h6 class=\"elementor-heading-title elementor-size-default\">Wolfgang Bosbach<\/h6>\t\t\t\t<\/div>\n\t\t\t\t<\/div>\n\t\t\t\t<div class=\"elementor-element elementor-element-6485945 elementor-widget elementor-widget-heading\" data-id=\"6485945\" data-element_type=\"widget\" data-widget_type=\"heading.default\">\n\t\t\t\t<div class=\"elementor-widget-container\">\n\t\t\t\t\t<h2 class=\"elementor-heading-title elementor-size-default\">Ansichten eines Konservativen<\/h2>\t\t\t\t<\/div>\n\t\t\t\t<\/div>\n\t\t\t\t<div class=\"elementor-element elementor-element-22b8541 elementor-widget elementor-widget-heading\" data-id=\"22b8541\" data-element_type=\"widget\" data-widget_type=\"heading.default\">\n\t\t\t\t<div class=\"elementor-widget-container\">\n\t\t\t\t\t<h6 class=\"elementor-heading-title elementor-size-default\">Der CDU-Politiker Wolfgang Bosbach holt bei der Isu in Heiligenrode zum gesellschaftlichen Rundumschlag aus\n<br>Von Niklas Golitschek - Weser-Kurier vom 17.11.2022\u200b<\/h6>\t\t\t\t<\/div>\n\t\t\t\t<\/div>\n\t\t\t\t<div class=\"elementor-element elementor-element-12f9ade elementor-widget elementor-widget-heading\" data-id=\"12f9ade\" data-element_type=\"widget\" data-widget_type=\"heading.default\">\n\t\t\t\t<div class=\"elementor-widget-container\">\n\t\t\t\t\t<h6 class=\"elementor-heading-title elementor-size-default\"><a href=\"https:\/\/www.weser-kurier.de\/landkreis-diepholz\/gemeinde-stuhr\/wolfgang-bosbach-holt-in-stuhr-zum-gesellschaftlichen-rundumschlag-aus-doc7nnqhwxycyh14yntw22b\" target=\"_blank\">Hier gelangen Sie zur Seite des Originalartikels<\/a><\/h6>\t\t\t\t<\/div>\n\t\t\t\t<\/div>\n\t\t\t\t<div class=\"elementor-element elementor-element-1674f90 elementor-widget elementor-widget-text-editor\" data-id=\"1674f90\" data-element_type=\"widget\" data-widget_type=\"text-editor.default\">\n\t\t\t\t<div class=\"elementor-widget-container\">\n\t\t\t\t\t\t\t\t\t<figure id=\"attachment_1851\" aria-describedby=\"caption-attachment-1851\" style=\"width: 442px\" class=\"wp-caption alignleft\"><img fetchpriority=\"high\" decoding=\"async\" class=\"wp-image-1851\" src=\"https:\/\/wobo.de\/wp-content\/uploads\/2022\/12\/doc7nnpsxlk4k11krf98dyj-300x169.jpeg\" alt=\"\" width=\"442\" height=\"249\" srcset=\"https:\/\/wobo.de\/wp-content\/uploads\/2022\/12\/doc7nnpsxlk4k11krf98dyj-300x169.jpeg 300w, https:\/\/wobo.de\/wp-content\/uploads\/2022\/12\/doc7nnpsxlk4k11krf98dyj-1024x576.jpeg 1024w, https:\/\/wobo.de\/wp-content\/uploads\/2022\/12\/doc7nnpsxlk4k11krf98dyj-768x432.jpeg 768w, https:\/\/wobo.de\/wp-content\/uploads\/2022\/12\/doc7nnpsxlk4k11krf98dyj.jpeg 1200w\" sizes=\"(max-width: 442px) 100vw, 442px\" \/><figcaption id=\"caption-attachment-1851\" class=\"wp-caption-text\">Der CDU-Politiker Wolfgang Bosbach plauderte auf Einladung der Isu in Heiligenrode \u00fcber so manches Thema. <br \/>Foto: Vasil Dinev<\/figcaption><\/figure><p>Stuhr-Heiligenrode. <br \/>Das Gesicht war vielen Stuhrern aus Talkshows und Interviews bekannt. Den langj\u00e4hrigen Bundestagsabgeordneten Wolfgang Bosbach (CDU) aus n\u00e4chster N\u00e4he zu erleben, wollten sich viele aber nicht nehmen lassen. Nach zwei Jahren Pandemiepause folgte der 70-J\u00e4hrige am Mittwochabend der Einladung der Interessengemeinschaft Stuhrer Unternehmen (Isu) fu\u0308r dessen j\u00e4hrliche \u00f6ffentliche Veranstaltung im Meyerhof in Heiligenrode. In einem \u201egesellschaftlichen Rundumschlag\u201c sprach Bosbach u\u0308ber aktuelle Themen. Sein Hauptanliegen: \u201eWir mu\u0308ssen die Stabilit\u00e4t im Land wahren.\u201c Im In- wie im Ausland machte Bosbach Faktoren aus, die diese und den Wohlstand Deutschlands gef\u00e4hrdeten. Mit Sorge sprach er etwa davon, dass rund die H\u00e4lfte der Bev\u00f6lkerung politisch interessiert sei, sich jedoch nur 1,6 Prozent in einer Partei engagierten. \u201eKeine Staatsform regt so sehr zum Mitmachen an\u201c, pries Bosbach die Demokratie und warb insbesondere fu\u0308r mehr Aktivit\u00e4t auf kommunaler Ebene. Gleichwohl habe sich das Wahlverhalten der Menschen ge\u00e4ndert und auch die Volksparteien repr\u00e4sentierten keinen Querschnitt der Bev\u00f6lkerung mehr. Doch wu\u0308rdigte er, dass sie dem Land u\u0308ber Jahrzehnte gutgetan, Extremismus rechts wie links einged\u00e4mmt h\u00e4tten und der Welt ein verl\u00e4sslicher Partner gewesen seien. Im Ausland werde Deutschland nach wie vor um seine Stabilit\u00e4t beneidet. Vor Olaf Scholz (SPD) sei die Bundesrepublik in 39 Jahren von drei Bundeskanzlern regiert worden. \u201eDas schaffen die Engl\u00e4nder in sechs Monaten\u201c, witzelte Bosbach. Italien habe 17 Regierungschefs in diesem Zeitraum gesehen und: \u201eDer HSV hatte 34 Trainer und spielt immer noch in der zweiten Liga.\u201c Frankreich und die USA etwa seien in der Mitte der Gesellschaft gespalten.<\/p><p><strong>Politische und wirtschaftliche Stabilit\u00e4t<\/strong><\/p><p>Neben der politischen warb Bosbach im Meyerhof auch um wirtschaftliche Stabilit\u00e4t. \u201eDie CDU h\u00e4tte die gleichen Probleme, wenn sie an der Regierung w\u00e4re\u201c, betonte er. Nur die Antworten auf die Krisen w\u00e4ren vielleicht andere. Bereits einleitend hatte er sich gewu\u0308nscht, im Diskurs mehr die Meinungen anderer zu respektieren und die eigene nicht als ultimativ zu werten. Das Ringen um die besten Antworten mit anschlie\u00dfender Mehrheitsfindung sei schlie\u00dflich das Wesen des demokratischen Diskurses. In diesem Zuge warnte der CDU-Politiker vor einer schleichenden Deindustrialisierung. Der Ausbau des Sozialstaats k\u00f6nne nur mit einer soliden Finanzierung gestemmt werden. Angesichts der aktuellen Krisen und Preissteigerung stu\u0308nden Unternehmen vor dem Ruin und auch Haushalte mit durchschnittlichem Einkommen sorgten sich um ihren Lebensunterhalt. \u201eWenn der Staat nicht hilft, wenden sie sich den Kr\u00e4ften mit den einfachen Antworten zu\u201c, mahnte er. Zuvor hatte er angeprangert, in den ostdeutschen Bundesl\u00e4ndern vergifte die Alternative fu\u0308r Deutschland (AfD) bereits den Diskurs und spiele dort eine ganz andere Rolle. Deutschland kenne Rezessionen zwar, im Durchschnitt komme alle zehn Jahre eine. Doch k\u00f6nne sich das Land nicht auf ein rasantes Wachstum wie nach der \u00d6lkrise 1974 verlassen. Angesichts der steigenden Lebenserwartung und einer zu erwartenden deutlichen Zunahme an Renteneintritten aus den geburtenstarken Jahrg\u00e4ngen mu\u0308sse sich Deutschland auch mit dem Rentensystem befassen. Die Zahlungen mu\u0308ssten weiterhin u\u0308ber dem Niveau von Arbeitslosengeld II oder Bu\u0308rgergeld liegen, forderte Bosbach. \u201eDas schulden wir auch denen, die dafu\u0308r arbeiten, dass Sozialleistungen bezahlt werden k\u00f6nnen\u201c, sagte er unter dem Applaus des Publikums: \u201eSie sind das Ru\u0308ckgrat der Volkswirtschaft.\u201c Mit der Autoindustrie, dem Maschinenbau oder der Chemie sei Deutschland in einigen Industriebereichen noch Weltklasse. Doch die Wachstumsfelder l\u00e4gen an anderer Stelle und neue Gesch\u00e4ftsmodelle s\u00e4hen sich oft durch lange Genehmigungsverfahren blockiert, monierte Bosbach. Dabei mu\u0308sse Deutschland seine Stellung als eine der bedeutendsten Volkswirtschaften der Welt wahren: \u201eDie beste Investition ist in die K\u00f6pfe unserer Kinder.\u201c Deshalb wu\u0308nsche er sich, dass Schulen mit neuen Lerninhalten die besten Einrichtungen des Landes wu\u0308rden. Es sei noch immer ein Glu\u0308ck, in Deutschland geboren zu werden, hier arbeiten zu k\u00f6nnen. Das solle erhalten bleiben.<\/p>\t\t\t\t\t\t\t\t<\/div>\n\t\t\t\t<\/div>\n\t\t\t\t\t<\/div>\n\t\t<\/div>\n\t\t\t\t\t<\/div>\n\t\t<\/section>\n\t\t\t\t<\/div>\n\t\t","protected":false},"excerpt":{"rendered":"<p>Wolfgang Bosbach Ansichten eines Konservativen Der CDU-Politiker Wolfgang Bosbach holt bei der Isu in Heiligenrode zum gesellschaftlichen Rundumschlag aus Von Niklas Golitschek &#8211; Weser-Kurier vom 17.11.2022\u200b Hier gelangen Sie zur Seite des Originalartikels Stuhr-Heiligenrode. Das Gesicht war vielen Stuhrern aus Talkshows und Interviews bekannt. Den langj\u00e4hrigen Bundestagsabgeordneten Wolfgang Bosbach (CDU) aus n\u00e4chster N\u00e4he zu erleben, [&hellip;]<\/p>\n","protected":false},"author":1,"featured_media":0,"parent":0,"menu_order":0,"comment_status":"closed","ping_status":"closed","template":"","meta":{"passster_activate_protection":false,"passster_protect_child_pages":"","passster_protection_type":"password","passster_password":"","passster_activate_overwrite_defaults":"","passster_headline":"","passster_instruction":"","passster_placeholder":"","passster_button":"","passster_id":"","passster_activate_misc_settings":"","passster_redirect_url":"","passster_hide":"no","passster_area_shortcode":"","site-sidebar-layout":"no-sidebar","site-content-layout":"page-builder","ast-site-content-layout":"default","site-content-style":"default","site-sidebar-style":"default","ast-global-header-display":"","ast-banner-title-visibility":"","ast-main-header-display":"","ast-hfb-above-header-display":"","ast-hfb-below-header-display":"","ast-hfb-mobile-header-display":"","site-post-title":"disabled","ast-breadcrumbs-content":"","ast-featured-img":"disabled","footer-sml-layout":"","theme-transparent-header-meta":"default","adv-header-id-meta":"","stick-header-meta":"","header-above-stick-meta":"","header-main-stick-meta":"","header-below-stick-meta":"","astra-migrate-meta-layouts":"default","ast-page-background-enabled":"default","ast-page-background-meta":{"desktop":{"background-color":"","background-image":"","background-repeat":"repeat","background-position":"center center","background-size":"auto","background-attachment":"scroll","background-type":"","background-media":"","overlay-type":"","overlay-color":"","overlay-opacity":"","overlay-gradient":""},"tablet":{"background-color":"","background-image":"","background-repeat":"repeat","background-position":"center center","background-size":"auto","background-attachment":"scroll","background-type":"","background-media":"","overlay-type":"","overlay-color":"","overlay-opacity":"","overlay-gradient":""},"mobile":{"background-color":"","background-image":"","background-repeat":"repeat","background-position":"center center","background-size":"auto","background-attachment":"scroll","background-type":"","background-media":"","overlay-type":"","overlay-color":"","overlay-opacity":"","overlay-gradient":""}},"ast-content-background-meta":{"desktop":{"background-color":"var(--ast-global-color-5)","background-image":"","background-repeat":"repeat","background-position":"center center","background-size":"auto","background-attachment":"scroll","background-type":"","background-media":"","overlay-type":"","overlay-color":"","overlay-opacity":"","overlay-gradient":""},"tablet":{"background-color":"var(--ast-global-color-5)","background-image":"","background-repeat":"repeat","background-position":"center center","background-size":"auto","background-attachment":"scroll","background-type":"","background-media":"","overlay-type":"","overlay-color":"","overlay-opacity":"","overlay-gradient":""},"mobile":{"background-color":"var(--ast-global-color-5)","background-image":"","background-repeat":"repeat","background-position":"center center","background-size":"auto","background-attachment":"scroll","background-type":"","background-media":"","overlay-type":"","overlay-color":"","overlay-opacity":"","overlay-gradient":""}},"footnotes":""},"folder":[],"class_list":["post-1846","page","type-page","status-publish","hentry"],"_links":{"self":[{"href":"https:\/\/wobo.de\/index.php\/wp-json\/wp\/v2\/pages\/1846","targetHints":{"allow":["GET"]}}],"collection":[{"href":"https:\/\/wobo.de\/index.php\/wp-json\/wp\/v2\/pages"}],"about":[{"href":"https:\/\/wobo.de\/index.php\/wp-json\/wp\/v2\/types\/page"}],"author":[{"embeddable":true,"href":"https:\/\/wobo.de\/index.php\/wp-json\/wp\/v2\/users\/1"}],"replies":[{"embeddable":true,"href":"https:\/\/wobo.de\/index.php\/wp-json\/wp\/v2\/comments?post=1846"}],"version-history":[{"count":13,"href":"https:\/\/wobo.de\/index.php\/wp-json\/wp\/v2\/pages\/1846\/revisions"}],"predecessor-version":[{"id":1861,"href":"https:\/\/wobo.de\/index.php\/wp-json\/wp\/v2\/pages\/1846\/revisions\/1861"}],"wp:attachment":[{"href":"https:\/\/wobo.de\/index.php\/wp-json\/wp\/v2\/media?parent=1846"}],"wp:term":[{"taxonomy":"folder","embeddable":true,"href":"https:\/\/wobo.de\/index.php\/wp-json\/wp\/v2\/folder?post=1846"}],"curies":[{"name":"wp","href":"https:\/\/api.w.org\/{rel}","templated":true}]}}