{"id":1878,"date":"2022-12-01T14:01:15","date_gmt":"2022-12-01T14:01:15","guid":{"rendered":"https:\/\/dev.wobo.de\/?page_id=1878"},"modified":"2022-12-01T14:12:47","modified_gmt":"2022-12-01T14:12:47","slug":"artikel-report-k-bosbach-ueber-katar-wm-ich-moechte-den-job-nicht-machen","status":"publish","type":"page","link":"https:\/\/wobo.de\/index.php\/artikel-report-k-bosbach-ueber-katar-wm-ich-moechte-den-job-nicht-machen\/","title":{"rendered":"Artikel-Report-K-Bosbach \u00fcber Katar-WM: \u201eIch m\u00f6chte den Job nicht machen\u201c"},"content":{"rendered":"\t\t<div data-elementor-type=\"wp-post\" data-elementor-id=\"1878\" class=\"elementor elementor-1878\" data-elementor-post-type=\"page\">\n\t\t\t\t\t\t<section class=\"elementor-section elementor-top-section elementor-element elementor-element-5b92515 elementor-section-boxed elementor-section-height-default elementor-section-height-default\" data-id=\"5b92515\" data-element_type=\"section\">\n\t\t\t\t\t\t<div class=\"elementor-container elementor-column-gap-default\">\n\t\t\t\t\t<div class=\"elementor-column elementor-col-100 elementor-top-column elementor-element elementor-element-39aadba\" data-id=\"39aadba\" data-element_type=\"column\">\n\t\t\t<div class=\"elementor-widget-wrap elementor-element-populated\">\n\t\t\t\t\t\t<div class=\"elementor-element elementor-element-09a665f elementor-widget elementor-widget-heading\" data-id=\"09a665f\" data-element_type=\"widget\" data-widget_type=\"heading.default\">\n\t\t\t\t<div class=\"elementor-widget-container\">\n\t\t\t\t\t<h6 class=\"elementor-heading-title elementor-size-default\">Wolfgang Bosbach<\/h6>\t\t\t\t<\/div>\n\t\t\t\t<\/div>\n\t\t\t\t<div class=\"elementor-element elementor-element-6485945 elementor-widget elementor-widget-heading\" data-id=\"6485945\" data-element_type=\"widget\" data-widget_type=\"heading.default\">\n\t\t\t\t<div class=\"elementor-widget-container\">\n\t\t\t\t\t<h2 class=\"elementor-heading-title elementor-size-default\">Bosbach \u00fcber Katar-WM: \u201eIch m\u00f6chte den Job nicht machen\u201c<\/h2>\t\t\t\t<\/div>\n\t\t\t\t<\/div>\n\t\t\t\t<div class=\"elementor-element elementor-element-22b8541 elementor-widget elementor-widget-heading\" data-id=\"22b8541\" data-element_type=\"widget\" data-widget_type=\"heading.default\">\n\t\t\t\t<div class=\"elementor-widget-container\">\n\t\t\t\t\t<h6 class=\"elementor-heading-title elementor-size-default\">Von Markus Kr\u00fccken -19. November 2022 <br \/>\nErschienen auf report-k.de<\/h6>\t\t\t\t<\/div>\n\t\t\t\t<\/div>\n\t\t\t\t<div class=\"elementor-element elementor-element-12f9ade elementor-widget elementor-widget-heading\" data-id=\"12f9ade\" data-element_type=\"widget\" data-widget_type=\"heading.default\">\n\t\t\t\t<div class=\"elementor-widget-container\">\n\t\t\t\t\t<h6 class=\"elementor-heading-title elementor-size-default\"><a href=\"https:\/\/www.report-k.de\/bosbach-ueber-katar-wm-fuer-die-bundesregierung-ein-eiertanz-par-excellence\/\" target=\"_blank\">Hier gelangen Sie zur Seite des Originalartikels<\/a><\/h6>\t\t\t\t<\/div>\n\t\t\t\t<\/div>\n\t\t\t\t<div class=\"elementor-element elementor-element-1674f90 elementor-widget elementor-widget-text-editor\" data-id=\"1674f90\" data-element_type=\"widget\" data-widget_type=\"text-editor.default\">\n\t\t\t\t<div class=\"elementor-widget-container\">\n\t\t\t\t\t\t\t\t\t<figure id=\"attachment_1879\" aria-describedby=\"caption-attachment-1879\" style=\"width: 1024px\" class=\"wp-caption aligncenter\"><img fetchpriority=\"high\" decoding=\"async\" class=\"wp-image-1879 size-large\" src=\"https:\/\/wobo.de\/wp-content\/uploads\/2022\/12\/bopp_18_07665-scaled-1-1024x680.jpg\" alt=\"\" width=\"1024\" height=\"680\" srcset=\"https:\/\/wobo.de\/wp-content\/uploads\/2022\/12\/bopp_18_07665-scaled-1-1024x680.jpg 1024w, https:\/\/wobo.de\/wp-content\/uploads\/2022\/12\/bopp_18_07665-scaled-1-300x199.jpg 300w, https:\/\/wobo.de\/wp-content\/uploads\/2022\/12\/bopp_18_07665-scaled-1-768x510.jpg 768w, https:\/\/wobo.de\/wp-content\/uploads\/2022\/12\/bopp_18_07665-scaled-1-1536x1021.jpg 1536w, https:\/\/wobo.de\/wp-content\/uploads\/2022\/12\/bopp_18_07665-scaled-1-2048x1361.jpg 2048w\" sizes=\"(max-width: 1024px) 100vw, 1024px\" \/><figcaption id=\"caption-attachment-1879\" class=\"wp-caption-text\">Der fr\u00fchere Spitzenpolitiker Wolfgang Bosbach ist Fu\u00dfballfan und Experte. Foto: Bopp<\/figcaption><\/figure><p>K\u00f6ln.<br \/>Am Sonntag startet die 22.Fu\u00dfball-WM. Kein Turnier zuvor hat wohl so sehr polarisiert und wird von derart vielen Fu\u00dfballfans und Gastronomen boykottiert wie dieses.<\/p><p>Denn: F\u00fcr die einen ist Gastgeberstaat Katar der triefende Korruptions- und Morallosigkeitst\u00fcmpel schlechthin, f\u00fcr die anderen \u2013 wie Bayerns Ehrenpr\u00e4sidenten Uli Hoeness \u2013 ist Kritik am W\u00fcstenstaat wegen Menschenrechtsfragen billigste Heuchelei von salon-sozialistischen Handaufhaltern.<\/p><p>Spitzenpolitiker Wolfgang Bosbach (CDU) ist eines der meinungsfreudigsten Gesichter der Republik, unabh\u00e4ngig, leidenschaftlicher Fu\u00dfballfan und -experte. Wie denkt der \u201eBundeskanzler der Herzen\u201c \u00fcber das Turnier? Das Interview mit \u201eWoBo\u201c.<\/p><p><strong>WoBo, schauen Sie sich die WM-Spiele an oder boykottieren sie sie?<\/strong><\/p><p><strong>Bosbach:<\/strong>\u00a0Leider kann ich mir die ersten beiden Spiele unserer Mannschaft wegen unaufl\u00f6sbarer Terminkollisionen nicht ansehen, aber das dritte Gruppenspiel werde ich am Fernseher verfolgen.<\/p><p>Irgendwie habe ich das Gef\u00fchl, dass es Katar nicht sonderlich interessiert, ob ich gucke oder nicht und wenn der Apparat ausbleibt, verbessert sich dadurch vor Ort garantiert nix. \u00dcberhaupt nix! Was k\u00f6nnen die Mannschaften und die Sender f\u00fcr die katastrophale Fehlentscheidung die WM nach dort zu vergeben.<\/p><blockquote><p>SCHWIERIG IST ES ALLERDINGS KATAR VON MONTAGS BIS SAMSTAGS HART ZU KRITISIEREN UND DANN SONNTAGS MIT TIEFER VERBEUGUNG UND WARMEN WORTEN UM ENERGIELIEFERUNGEN ZU BITTEN<br \/>&#8211; Wolfgang Bosbach<\/p><\/blockquote><p><strong>Verstehen Sie denn die Boykott-Bewegung oder ist diese heuchlerisch, wie deren Kritiker wie Uli Hoene\u00df meinen?<\/strong><\/p><p><strong>Bosbach:<\/strong>\u00a0Jein. Der Fehler war die Vergabe, denn schon damals herrschten dort ja jene Zust\u00e4nde, die wir jetzt pl\u00f6tzlich, in der Sache v\u00f6llig berechtigt, aber viel zu sp\u00e4t, wortreich beklagen.<\/p><p>Schwierig ist es allerdings Quatar von montags bis samstags hart zu kritisieren und dann sonntags mit tiefer Verbeugung und warmen Worten um Energielieferungen zu bitten. F\u00fcr die Bundesregierung ein Eiertanz par excellence.<\/p><p><strong>Wird sich durch die Kritik an dieser WM-Vergabe nach Katar im Fu\u00dfball in Zukunft etwas \u00e4ndern?<\/strong><\/p><p><strong>Bosbach:\u00a0<\/strong>Ja! Das MUSS sein. Dieses Hinterzimmergemauschel muss ein Ende haben. \u00dcbrigens: Es war eine Firma aus Deutschland, die die Bewerbung von Katar gemanagt hatte.<\/p><p><strong>Wie finden Sie pers\u00f6nlich ZDF-Live-Kommentatorin Claudia Neumann, die bei manchen Fans polarisiert?<\/strong><\/p><p><strong>Bosbach:<\/strong>\u00a0Also ehrlich, Moderatorinnen und Moderatoren werden immer wieder kritisiert werden, mal zu Recht, mal zu Unrecht. Mal reden sie zu wenig, dann zu viel, dann das Falsche. Ich m\u00f6chte den Job nicht machen.<\/p><p><strong>Sind Ihnen zuviele Frauen mittlerweile beim Fu\u00dfball im TV oder ist dieser Trend einfach logisch in unserer Zeit?<\/strong><\/p><p><strong>Bosbach:<\/strong>\u00a0Das Fu\u00dfball M\u00e4nnersache ist, glaube noch nicht einmal ich!<\/p><p><strong>Wer soll die WM gewinnen?<\/strong><\/p><p><strong>Bosbach:<\/strong>\u00a0Politisch korrekt w\u00e4re: Die beste Mannschaft! Als Fan sage ich Deutschland, als Realist Brasilien oder Frankreich.<\/p><p><strong>Zum FC! Was sagen Sie du zu dieser bisherigen Saison mit 17 Punkten, aber mit Abw\u00e4rtstrend zuletzt und Europa-Aus<\/strong>?<\/p><p><strong>Bosbach:<\/strong>\u00a0Ich habe schon vor dem 1.Spiel gesagt: \u201eDas wird f\u00fcr den FC eine ganz schwere Saison!\u201c. Und so ist es momentan auch. Zwar sind 17 Punkte vor dem Hintergrund der Doppelbelastung und der langwierigen Verletzungen von echten Leistungstr\u00e4gern ganz ok, aber der Trend macht mir Kummer. Gut, das jetzt mal Pause ist.<\/p>\t\t\t\t\t\t\t\t<\/div>\n\t\t\t\t<\/div>\n\t\t\t\t\t<\/div>\n\t\t<\/div>\n\t\t\t\t\t<\/div>\n\t\t<\/section>\n\t\t\t\t<\/div>\n\t\t","protected":false},"excerpt":{"rendered":"<p>Wolfgang Bosbach Bosbach \u00fcber Katar-WM: \u201eIch m\u00f6chte den Job nicht machen\u201c Von Markus Kr\u00fccken -19. November 2022 Erschienen auf report-k.de Hier gelangen Sie zur Seite des Originalartikels K\u00f6ln.Am Sonntag startet die 22.Fu\u00dfball-WM. Kein Turnier zuvor hat wohl so sehr polarisiert und wird von derart vielen Fu\u00dfballfans und Gastronomen boykottiert wie dieses. Denn: F\u00fcr die einen [&hellip;]<\/p>\n","protected":false},"author":1,"featured_media":0,"parent":0,"menu_order":0,"comment_status":"closed","ping_status":"closed","template":"","meta":{"passster_activate_protection":false,"passster_protect_child_pages":"","passster_protection_type":"password","passster_password":"","passster_activate_overwrite_defaults":"","passster_headline":"","passster_instruction":"","passster_placeholder":"","passster_button":"","passster_id":"","passster_activate_misc_settings":"","passster_redirect_url":"","passster_hide":"no","passster_area_shortcode":"","site-sidebar-layout":"no-sidebar","site-content-layout":"page-builder","ast-site-content-layout":"default","site-content-style":"default","site-sidebar-style":"default","ast-global-header-display":"","ast-banner-title-visibility":"","ast-main-header-display":"","ast-hfb-above-header-display":"","ast-hfb-below-header-display":"","ast-hfb-mobile-header-display":"","site-post-title":"disabled","ast-breadcrumbs-content":"","ast-featured-img":"disabled","footer-sml-layout":"","theme-transparent-header-meta":"default","adv-header-id-meta":"","stick-header-meta":"","header-above-stick-meta":"","header-main-stick-meta":"","header-below-stick-meta":"","astra-migrate-meta-layouts":"default","ast-page-background-enabled":"default","ast-page-background-meta":{"desktop":{"background-color":"","background-image":"","background-repeat":"repeat","background-position":"center center","background-size":"auto","background-attachment":"scroll","background-type":"","background-media":"","overlay-type":"","overlay-color":"","overlay-opacity":"","overlay-gradient":""},"tablet":{"background-color":"","background-image":"","background-repeat":"repeat","background-position":"center center","background-size":"auto","background-attachment":"scroll","background-type":"","background-media":"","overlay-type":"","overlay-color":"","overlay-opacity":"","overlay-gradient":""},"mobile":{"background-color":"","background-image":"","background-repeat":"repeat","background-position":"center center","background-size":"auto","background-attachment":"scroll","background-type":"","background-media":"","overlay-type":"","overlay-color":"","overlay-opacity":"","overlay-gradient":""}},"ast-content-background-meta":{"desktop":{"background-color":"var(--ast-global-color-5)","background-image":"","background-repeat":"repeat","background-position":"center center","background-size":"auto","background-attachment":"scroll","background-type":"","background-media":"","overlay-type":"","overlay-color":"","overlay-opacity":"","overlay-gradient":""},"tablet":{"background-color":"var(--ast-global-color-5)","background-image":"","background-repeat":"repeat","background-position":"center center","background-size":"auto","background-attachment":"scroll","background-type":"","background-media":"","overlay-type":"","overlay-color":"","overlay-opacity":"","overlay-gradient":""},"mobile":{"background-color":"var(--ast-global-color-5)","background-image":"","background-repeat":"repeat","background-position":"center center","background-size":"auto","background-attachment":"scroll","background-type":"","background-media":"","overlay-type":"","overlay-color":"","overlay-opacity":"","overlay-gradient":""}},"footnotes":""},"folder":[],"class_list":["post-1878","page","type-page","status-publish","hentry"],"_links":{"self":[{"href":"https:\/\/wobo.de\/index.php\/wp-json\/wp\/v2\/pages\/1878","targetHints":{"allow":["GET"]}}],"collection":[{"href":"https:\/\/wobo.de\/index.php\/wp-json\/wp\/v2\/pages"}],"about":[{"href":"https:\/\/wobo.de\/index.php\/wp-json\/wp\/v2\/types\/page"}],"author":[{"embeddable":true,"href":"https:\/\/wobo.de\/index.php\/wp-json\/wp\/v2\/users\/1"}],"replies":[{"embeddable":true,"href":"https:\/\/wobo.de\/index.php\/wp-json\/wp\/v2\/comments?post=1878"}],"version-history":[{"count":10,"href":"https:\/\/wobo.de\/index.php\/wp-json\/wp\/v2\/pages\/1878\/revisions"}],"predecessor-version":[{"id":1889,"href":"https:\/\/wobo.de\/index.php\/wp-json\/wp\/v2\/pages\/1878\/revisions\/1889"}],"wp:attachment":[{"href":"https:\/\/wobo.de\/index.php\/wp-json\/wp\/v2\/media?parent=1878"}],"wp:term":[{"taxonomy":"folder","embeddable":true,"href":"https:\/\/wobo.de\/index.php\/wp-json\/wp\/v2\/folder?post=1878"}],"curies":[{"name":"wp","href":"https:\/\/api.w.org\/{rel}","templated":true}]}}