{"id":770,"date":"2018-09-18T09:01:53","date_gmt":"2018-09-18T09:01:53","guid":{"rendered":"https:\/\/dev.wobo.de\/index.php\/home\/"},"modified":"2025-08-18T14:21:42","modified_gmt":"2025-08-18T14:21:42","slug":"home","status":"publish","type":"page","link":"https:\/\/wobo.de\/","title":{"rendered":"Home"},"content":{"rendered":"\t\t<div data-elementor-type=\"wp-post\" data-elementor-id=\"770\" class=\"elementor elementor-770\" data-elementor-post-type=\"page\">\n\t\t\t\t\t\t<section class=\"elementor-section elementor-top-section elementor-element elementor-element-8f5e600 elementor-section-stretched elementor-section-boxed elementor-section-height-default elementor-section-height-default\" data-id=\"8f5e600\" data-element_type=\"section\" data-settings=\"{&quot;stretch_section&quot;:&quot;section-stretched&quot;}\">\n\t\t\t\t\t\t<div class=\"elementor-container elementor-column-gap-default\">\n\t\t\t\t\t<div class=\"elementor-column elementor-col-50 elementor-top-column elementor-element elementor-element-0e1bea1\" data-id=\"0e1bea1\" data-element_type=\"column\">\n\t\t\t<div class=\"elementor-widget-wrap elementor-element-populated\">\n\t\t\t\t\t\t<div class=\"elementor-element elementor-element-917e80b elementor-widget elementor-widget-heading\" data-id=\"917e80b\" data-element_type=\"widget\" data-widget_type=\"heading.default\">\n\t\t\t\t<div class=\"elementor-widget-container\">\n\t\t\t\t\t<h6 class=\"elementor-heading-title elementor-size-default\">Wolfgang bosbach<\/h6>\t\t\t\t<\/div>\n\t\t\t\t<\/div>\n\t\t\t\t<div class=\"elementor-element elementor-element-8fef8d6 elementor-widget elementor-widget-heading\" data-id=\"8fef8d6\" data-element_type=\"widget\" data-widget_type=\"heading.default\">\n\t\t\t\t<div class=\"elementor-widget-container\">\n\t\t\t\t\t<h1 class=\"elementor-heading-title elementor-size-default\">Herzlich Willkommen<br>auf meiner Homepage<\/h1>\t\t\t\t<\/div>\n\t\t\t\t<\/div>\n\t\t\t\t<div class=\"elementor-element elementor-element-e27e5e4 elementor-widget elementor-widget-text-editor\" data-id=\"e27e5e4\" data-element_type=\"widget\" data-widget_type=\"text-editor.default\">\n\t\t\t\t<div class=\"elementor-widget-container\">\n\t\t\t\t\t\t\t\t\t<p><img decoding=\"async\" class=\"alignleft wp-image-1806\" src=\"https:\/\/wobo.de\/wp-content\/uploads\/2022\/12\/WoBo01-e1669911848330-300x297.jpeg\" alt=\"\" width=\"200\" height=\"198\" srcset=\"https:\/\/wobo.de\/wp-content\/uploads\/2022\/12\/WoBo01-e1669911848330-300x297.jpeg 300w, https:\/\/wobo.de\/wp-content\/uploads\/2022\/12\/WoBo01-e1669911848330-150x150.jpeg 150w, https:\/\/wobo.de\/wp-content\/uploads\/2022\/12\/WoBo01-e1669911848330-768x761.jpeg 768w, https:\/\/wobo.de\/wp-content\/uploads\/2022\/12\/WoBo01-e1669911848330.jpeg 788w\" sizes=\"(max-width: 200px) 100vw, 200px\" \/><\/p>\n<p>Ich freue mich \u00fcber Ihr Interesse an meiner Arbeit! Auf den n\u00e4chsten Seiten finden Sie viele Informationen \u00fcber meine langj\u00e4hrige T\u00e4tigkeit im Deutschen Bundestag.<br>Am 24. Oktober 2017 endete nach 23 Jahren meine Mitgliedschaft im Bundestag &#8211; aber mein politisches Interesse wird ganz bestimmt nicht enden!<br>Auch wenn ich kein neues Mandat anstrebe, werde ich mich &#8211; im Rahmen meiner bescheidenen M\u00f6glichkeiten &#8211; gerne auch zuk\u00fcnftig f\u00fcr mein Land engagieren.<br>\u00dcber Ihr Interesse an meiner Arbeit habe ich mich immer sehr gefreut und vielleicht schauen Sie ja ab und zu noch mal vorbei.<\/p>\n<div id=\"highlighter--hover-tools\" style=\"display: none;\">\n<div id=\"highlighter--hover-tools--container\">\n<div class=\"highlighter--icon highlighter--icon-copy\" title=\"Copy\">&nbsp;<\/div>\n<div class=\"highlighter--icon highlighter--icon-change-color\" title=\"Change Color\">&nbsp;<\/div>\n<div class=\"highlighter--icon highlighter--icon-delete\" title=\"Delete\">&nbsp;<\/div>\n<\/div>\n<\/div>\n<div id=\"highlighter--hover-tools\" style=\"display: none;\">\n<div id=\"highlighter--hover-tools--container\">\n<div class=\"highlighter--icon highlighter--icon-copy\" title=\"Copy\">&nbsp;<\/div>\n<div class=\"highlighter--icon highlighter--icon-change-color\" title=\"Change Color\">&nbsp;<\/div>\n<div class=\"highlighter--icon highlighter--icon-delete\" title=\"Delete\">&nbsp;<\/div>\n<\/div>\n<\/div>\n<div id=\"highlighter--hover-tools\" style=\"display: none;\">\n<div id=\"highlighter--hover-tools--container\">\n<div class=\"highlighter--icon highlighter--icon-copy\" title=\"Copy\">&nbsp;<\/div>\n<div class=\"highlighter--icon highlighter--icon-change-color\" title=\"Change Color\">&nbsp;<\/div>\n<div class=\"highlighter--icon highlighter--icon-delete\" title=\"Delete\">&nbsp;<\/div>\n<\/div>\n<\/div>\n<div id=\"highlighter--hover-tools\" style=\"display: none;\">\n<div id=\"highlighter--hover-tools--container\">\n<div class=\"highlighter--icon highlighter--icon-copy\" title=\"Copy\">&nbsp;<\/div>\n<div class=\"highlighter--icon highlighter--icon-change-color\" title=\"Change Color\">&nbsp;<\/div>\n<div class=\"highlighter--icon highlighter--icon-delete\" title=\"Delete\">&nbsp;<\/div>\n<\/div>\n<\/div>\n<div id=\"highlighter--hover-tools\" style=\"display: none;\">\n<div id=\"highlighter--hover-tools--container\">\n<div class=\"highlighter--icon highlighter--icon-copy\" title=\"Copy\">&nbsp;<\/div>\n<div class=\"highlighter--icon highlighter--icon-change-color\" title=\"Change Color\">&nbsp;<\/div>\n<div class=\"highlighter--icon highlighter--icon-delete\" title=\"Delete\">&nbsp;<\/div>\n<\/div>\n<\/div>\t\t\t\t\t\t\t\t<\/div>\n\t\t\t\t<\/div>\n\t\t\t\t<div class=\"elementor-element elementor-element-da2d411 elementor-widget elementor-widget-image\" data-id=\"da2d411\" data-element_type=\"widget\" data-widget_type=\"image.default\">\n\t\t\t\t<div class=\"elementor-widget-container\">\n\t\t\t\t\t\t\t\t\t\t\t\t\t\t\t<img decoding=\"async\" width=\"308\" height=\"116\" src=\"https:\/\/wobo.de\/wp-content\/uploads\/2022\/08\/wobo-sign-schriftzug2-e1660233979975.png\" class=\"attachment-full size-full wp-image-1499\" alt=\"\" srcset=\"https:\/\/wobo.de\/wp-content\/uploads\/2022\/08\/wobo-sign-schriftzug2-e1660233979975.png 308w, https:\/\/wobo.de\/wp-content\/uploads\/2022\/08\/wobo-sign-schriftzug2-e1660233979975-300x113.png 300w\" sizes=\"(max-width: 308px) 100vw, 308px\" \/>\t\t\t\t\t\t\t\t\t\t\t\t\t\t\t<\/div>\n\t\t\t\t<\/div>\n\t\t\t\t\t<\/div>\n\t\t<\/div>\n\t\t\t\t<div class=\"elementor-column elementor-col-50 elementor-top-column elementor-element elementor-element-5824be5\" data-id=\"5824be5\" data-element_type=\"column\">\n\t\t\t<div class=\"elementor-widget-wrap elementor-element-populated\">\n\t\t\t\t\t\t<div class=\"elementor-element elementor-element-9a4f7f0 elementor-widget elementor-widget-text-editor\" data-id=\"9a4f7f0\" data-element_type=\"widget\" data-widget_type=\"text-editor.default\">\n\t\t\t\t<div class=\"elementor-widget-container\">\n\t\t\t\t\t\t\t\t\t<p><a href=\"https:\/\/www.fontis-shop.de\/products\/totalausfall?utm_source=Wolfgang+Bosbach&amp;utm_medium=website&amp;utm_campaign=Totalausfall\"><img decoding=\"async\" class=\"aligncenter wp-image-2300 size-thumbnail\" src=\"https:\/\/wobo.de\/wp-content\/uploads\/2024\/04\/totalausfall_1701074887000_1500x@2x-150x150.webp\" alt=\"\" width=\"150\" height=\"150\" \/><\/a><\/p><p><a href=\"https:\/\/www.fontis-shop.de\/products\/totalausfall?utm_source=Wolfgang+Bosbach&amp;utm_medium=website&amp;utm_campaign=Totalausfall\" target=\"_blank\" rel=\"noopener\">Was sich in Deutschland \u00e4ndern muss, damit es wieder aufw\u00e4rts geht<\/a><\/p>\t\t\t\t\t\t\t\t<\/div>\n\t\t\t\t<\/div>\n\t\t\t\t<div class=\"elementor-element elementor-element-fa2509d elementor-widget elementor-widget-text-editor\" data-id=\"fa2509d\" data-element_type=\"widget\" data-widget_type=\"text-editor.default\">\n\t\t\t\t<div class=\"elementor-widget-container\">\n\t\t\t\t\t\t\t\t\t<p><img loading=\"lazy\" decoding=\"async\" class=\"aligncenter wp-image-1940 size-thumbnail\" src=\"https:\/\/wobo.de\/wp-content\/uploads\/2022\/12\/Podcast-Bosbach-Rach-150x150.jpeg\" alt=\"\" width=\"150\" height=\"150\" srcset=\"https:\/\/wobo.de\/wp-content\/uploads\/2022\/12\/Podcast-Bosbach-Rach-150x150.jpeg 150w, https:\/\/wobo.de\/wp-content\/uploads\/2022\/12\/Podcast-Bosbach-Rach-300x300.jpeg 300w, https:\/\/wobo.de\/wp-content\/uploads\/2022\/12\/Podcast-Bosbach-Rach-1021x1024.jpeg 1021w, https:\/\/wobo.de\/wp-content\/uploads\/2022\/12\/Podcast-Bosbach-Rach-768x770.jpeg 768w, https:\/\/wobo.de\/wp-content\/uploads\/2022\/12\/Podcast-Bosbach-Rach.jpeg 1080w\" sizes=\"(max-width: 150px) 100vw, 150px\" \/><\/p><p><a href=\"https:\/\/diewochentester.podigee.io\/\">H\u00f6ren Sie hier den aktuellen Podcast &#8222;Bosbach &amp; Rach&#8220;.<\/a><\/p>\t\t\t\t\t\t\t\t<\/div>\n\t\t\t\t<\/div>\n\t\t\t\t<div class=\"elementor-element elementor-element-8904bf9 elementor-widget elementor-widget-text-editor\" data-id=\"8904bf9\" data-element_type=\"widget\" data-widget_type=\"text-editor.default\">\n\t\t\t\t<div class=\"elementor-widget-container\">\n\t\t\t\t\t\t\t\t\t<p><img loading=\"lazy\" decoding=\"async\" class=\"wp-image-1800 size-thumbnail aligncenter\" src=\"https:\/\/wobo.de\/wp-content\/uploads\/2022\/12\/WoBo08-150x150.jpeg\" alt=\"\" width=\"150\" height=\"150\" \/><\/p><p style=\"text-align: center;\">Das neue Buch von Wolfgang Bosbach <br \/>&#8222;Wer glaubt uns noch? <br \/>Warum Politik an Vertrauen verliert und was wir dagegen tun k\u00f6nnen&#8220;.<br \/>Ab dem 22. September 2022 online und im gut sortierten Buchhandel erh\u00e4ltlich!<\/p>\t\t\t\t\t\t\t\t<\/div>\n\t\t\t\t<\/div>\n\t\t\t\t\t<\/div>\n\t\t<\/div>\n\t\t\t\t\t<\/div>\n\t\t<\/section>\n\t\t\t\t<\/div>\n\t\t","protected":false},"excerpt":{"rendered":"<p>Wolfgang bosbach Herzlich Willkommenauf meiner Homepage Ich freue mich \u00fcber Ihr Interesse an meiner Arbeit! Auf den n\u00e4chsten Seiten finden Sie viele Informationen \u00fcber meine langj\u00e4hrige T\u00e4tigkeit im Deutschen Bundestag.Am 24. Oktober 2017 endete nach 23 Jahren meine Mitgliedschaft im Bundestag &#8211; aber mein politisches Interesse wird ganz bestimmt nicht enden!Auch wenn ich kein neues [&hellip;]<\/p>\n","protected":false},"author":1,"featured_media":0,"parent":0,"menu_order":0,"comment_status":"closed","ping_status":"closed","template":"","meta":{"passster_activate_protection":null,"passster_protect_child_pages":"","passster_protection_type":"password","passster_password":"","passster_activate_overwrite_defaults":"","passster_headline":"","passster_instruction":"","passster_placeholder":"","passster_button":"","passster_id":"","passster_activate_misc_settings":"","passster_redirect_url":"","passster_hide":"no","passster_area_shortcode":"","site-sidebar-layout":"no-sidebar","site-content-layout":"page-builder","ast-site-content-layout":"default","site-content-style":"default","site-sidebar-style":"default","ast-global-header-display":"","ast-banner-title-visibility":"","ast-main-header-display":"","ast-hfb-above-header-display":"","ast-hfb-below-header-display":"","ast-hfb-mobile-header-display":"","site-post-title":"disabled","ast-breadcrumbs-content":"","ast-featured-img":"disabled","footer-sml-layout":"","theme-transparent-header-meta":"default","adv-header-id-meta":"","stick-header-meta":"","header-above-stick-meta":"","header-main-stick-meta":"","header-below-stick-meta":"","astra-migrate-meta-layouts":"default","ast-page-background-enabled":"default","ast-page-background-meta":{"desktop":{"background-color":"","background-image":"","background-repeat":"repeat","background-position":"center center","background-size":"auto","background-attachment":"scroll","background-type":"","background-media":"","overlay-type":"","overlay-color":"","overlay-opacity":"","overlay-gradient":""},"tablet":{"background-color":"","background-image":"","background-repeat":"repeat","background-position":"center center","background-size":"auto","background-attachment":"scroll","background-type":"","background-media":"","overlay-type":"","overlay-color":"","overlay-opacity":"","overlay-gradient":""},"mobile":{"background-color":"","background-image":"","background-repeat":"repeat","background-position":"center center","background-size":"auto","background-attachment":"scroll","background-type":"","background-media":"","overlay-type":"","overlay-color":"","overlay-opacity":"","overlay-gradient":""}},"ast-content-background-meta":{"desktop":{"background-color":"var(--ast-global-color-5)","background-image":"","background-repeat":"repeat","background-position":"center center","background-size":"auto","background-attachment":"scroll","background-type":"","background-media":"","overlay-type":"","overlay-color":"","overlay-opacity":"","overlay-gradient":""},"tablet":{"background-color":"var(--ast-global-color-5)","background-image":"","background-repeat":"repeat","background-position":"center center","background-size":"auto","background-attachment":"scroll","background-type":"","background-media":"","overlay-type":"","overlay-color":"","overlay-opacity":"","overlay-gradient":""},"mobile":{"background-color":"var(--ast-global-color-5)","background-image":"","background-repeat":"repeat","background-position":"center center","background-size":"auto","background-attachment":"scroll","background-type":"","background-media":"","overlay-type":"","overlay-color":"","overlay-opacity":"","overlay-gradient":""}},"footnotes":""},"folder":[],"class_list":["post-770","page","type-page","status-publish","hentry"],"_links":{"self":[{"href":"https:\/\/wobo.de\/index.php\/wp-json\/wp\/v2\/pages\/770","targetHints":{"allow":["GET"]}}],"collection":[{"href":"https:\/\/wobo.de\/index.php\/wp-json\/wp\/v2\/pages"}],"about":[{"href":"https:\/\/wobo.de\/index.php\/wp-json\/wp\/v2\/types\/page"}],"author":[{"embeddable":true,"href":"https:\/\/wobo.de\/index.php\/wp-json\/wp\/v2\/users\/1"}],"replies":[{"embeddable":true,"href":"https:\/\/wobo.de\/index.php\/wp-json\/wp\/v2\/comments?post=770"}],"version-history":[{"count":425,"href":"https:\/\/wobo.de\/index.php\/wp-json\/wp\/v2\/pages\/770\/revisions"}],"predecessor-version":[{"id":2368,"href":"https:\/\/wobo.de\/index.php\/wp-json\/wp\/v2\/pages\/770\/revisions\/2368"}],"wp:attachment":[{"href":"https:\/\/wobo.de\/index.php\/wp-json\/wp\/v2\/media?parent=770"}],"wp:term":[{"taxonomy":"folder","embeddable":true,"href":"https:\/\/wobo.de\/index.php\/wp-json\/wp\/v2\/folder?post=770"}],"curies":[{"name":"wp","href":"https:\/\/api.w.org\/{rel}","templated":true}]}}